{"id":308,"date":"2020-08-31T19:59:34","date_gmt":"2020-08-31T19:59:34","guid":{"rendered":"https:\/\/henriksenmatematik.wordpress.com\/?page_id=308"},"modified":"2023-01-31T10:29:03","modified_gmt":"2023-01-31T09:29:03","slug":"stokastisk-variabel","status":"publish","type":"page","link":"https:\/\/mxth.dk\/?page_id=308","title":{"rendered":"Stokastisk Variabel"},"content":{"rendered":"\n<p class=\" eplus-wrapper\">Vi ser lidt p\u00e5 begrebet stokastisk variabel, histogrammer og fordelinger for at komme frem til begrebet t\u00e6thedsfunktion som vi skal kigge n\u00e6rmere p\u00e5 i forbindelse med normalfordelingen.<\/p>\n\n\n\n<figure class=\"wp-embed-aspect-16-9 wp-has-aspect-ratio wp-block-embed alignfull is-type-video is-provider-youtube wp-block-embed-youtube eplus-wrapper\"><div class=\"wp-block-embed__wrapper\">\n<span class=\"embed-youtube\" style=\"text-align:center; display: block;\"><iframe loading=\"lazy\" class=\"youtube-player\" width=\"640\" height=\"360\" src=\"https:\/\/www.youtube.com\/embed\/f0DTkxIWVNA?version=3&#038;rel=1&#038;showsearch=0&#038;showinfo=1&#038;iv_load_policy=1&#038;fs=1&#038;hl=da-DK&#038;autohide=2&#038;wmode=transparent\" allowfullscreen=\"true\" style=\"border:0;\" sandbox=\"allow-scripts allow-same-origin allow-popups allow-presentation allow-popups-to-escape-sandbox\"><\/iframe><\/span>\n<\/div><\/figure>\n","protected":false},"excerpt":{"rendered":"<p>Vi ser lidt p\u00e5 begrebet stokastisk variabel, histogrammer og fordelinger for at komme frem til begrebet t\u00e6thedsfunktion som vi skal kigge n\u00e6rmere p\u00e5 i forbindelse med normalfordelingen.<\/p>\n","protected":false},"author":1,"featured_media":0,"parent":0,"menu_order":0,"comment_status":"closed","ping_status":"closed","template":"","meta":{"ub_ctt_via":"","editor_plus_copied_stylings":"{}","footnotes":""},"categories":[3,6],"tags":[],"class_list":["post-308","page","type-page","status-publish","hentry","category-matematik","category-statistik"],"featured_image_src":null,"jetpack_sharing_enabled":true,"_links":{"self":[{"href":"https:\/\/mxth.dk\/index.php?rest_route=\/wp\/v2\/pages\/308","targetHints":{"allow":["GET"]}}],"collection":[{"href":"https:\/\/mxth.dk\/index.php?rest_route=\/wp\/v2\/pages"}],"about":[{"href":"https:\/\/mxth.dk\/index.php?rest_route=\/wp\/v2\/types\/page"}],"author":[{"embeddable":true,"href":"https:\/\/mxth.dk\/index.php?rest_route=\/wp\/v2\/users\/1"}],"replies":[{"embeddable":true,"href":"https:\/\/mxth.dk\/index.php?rest_route=%2Fwp%2Fv2%2Fcomments&post=308"}],"version-history":[{"count":2,"href":"https:\/\/mxth.dk\/index.php?rest_route=\/wp\/v2\/pages\/308\/revisions"}],"predecessor-version":[{"id":2104,"href":"https:\/\/mxth.dk\/index.php?rest_route=\/wp\/v2\/pages\/308\/revisions\/2104"}],"wp:attachment":[{"href":"https:\/\/mxth.dk\/index.php?rest_route=%2Fwp%2Fv2%2Fmedia&parent=308"}],"wp:term":[{"taxonomy":"category","embeddable":true,"href":"https:\/\/mxth.dk\/index.php?rest_route=%2Fwp%2Fv2%2Fcategories&post=308"},{"taxonomy":"post_tag","embeddable":true,"href":"https:\/\/mxth.dk\/index.php?rest_route=%2Fwp%2Fv2%2Ftags&post=308"}],"curies":[{"name":"wp","href":"https:\/\/api.w.org\/{rel}","templated":true}]}}