{"id":843,"date":"2021-10-01T12:59:59","date_gmt":"2021-10-01T10:59:59","guid":{"rendered":"https:\/\/mxth.dk\/?page_id=843"},"modified":"2023-08-23T20:31:39","modified_gmt":"2023-08-23T18:31:39","slug":"f05-newtons-anden-lov","status":"publish","type":"page","link":"https:\/\/mxth.dk\/?page_id=843","title":{"rendered":"F05 &#8211; Newtons anden lov"},"content":{"rendered":"\n<div class=\" wp-block-cover alignfull eplus-wrapper\"><span aria-hidden=\"true\" class=\"wp-block-cover__background has-background-dim\"><\/span><img data-recalc-dims=\"1\" loading=\"lazy\" decoding=\"async\" width=\"1999\" height=\"1520\" class=\"wp-block-cover__image-background wp-image-844\" alt=\"\" src=\"https:\/\/i0.wp.com\/mxth.dk\/wp-content\/uploads\/2021\/10\/B560FF54-DB25-4EDD-B892-90AED61D3D68.jpeg?resize=1999%2C1520&#038;ssl=1\" data-object-fit=\"cover\" srcset=\"https:\/\/i0.wp.com\/mxth.dk\/wp-content\/uploads\/2021\/10\/B560FF54-DB25-4EDD-B892-90AED61D3D68.jpeg?w=1999&amp;ssl=1 1999w, https:\/\/i0.wp.com\/mxth.dk\/wp-content\/uploads\/2021\/10\/B560FF54-DB25-4EDD-B892-90AED61D3D68.jpeg?resize=300%2C228&amp;ssl=1 300w, https:\/\/i0.wp.com\/mxth.dk\/wp-content\/uploads\/2021\/10\/B560FF54-DB25-4EDD-B892-90AED61D3D68.jpeg?resize=1024%2C779&amp;ssl=1 1024w, https:\/\/i0.wp.com\/mxth.dk\/wp-content\/uploads\/2021\/10\/B560FF54-DB25-4EDD-B892-90AED61D3D68.jpeg?resize=768%2C584&amp;ssl=1 768w, https:\/\/i0.wp.com\/mxth.dk\/wp-content\/uploads\/2021\/10\/B560FF54-DB25-4EDD-B892-90AED61D3D68.jpeg?resize=1536%2C1168&amp;ssl=1 1536w, https:\/\/i0.wp.com\/mxth.dk\/wp-content\/uploads\/2021\/10\/B560FF54-DB25-4EDD-B892-90AED61D3D68.jpeg?resize=1568%2C1192&amp;ssl=1 1568w\" sizes=\"auto, (max-width: 1000px) 100vw, 1000px\" \/><div class=\"wp-block-cover__inner-container is-layout-flow wp-block-cover-is-layout-flow\">\n<p class=\" has-text-align-center eplus-wrapper\" style=\"font-size:100px\">Atwoods faldmaskine<\/p>\n<\/div><\/div>\n\n\n\n<p class=\" has-text-align-right eplus-wrapper\"><small>Billedet er taget fra <a href=\"https:\/\/americanhistory.si.edu\/collections\/search\/object\/nmah_1865665\">http:\/\/americanhistory.si.edu<\/a><\/small><\/p>\n\n\n\n<p class=\" eplus-wrapper\"><em>Atwoods faldmaskine<\/em> (1) best\u00e5r af en speedgate med en trisse, hvorom der h\u00e6nger en snor med lodder i begge ender. Trissen har 10 eger, der er meget pr\u00e6cist udformet s\u00e5ledes at egerne klipper en infrar\u00f8d lysstr\u00e5le, og de deraf afledte tidsintervaller overf\u00f8res til en computer, hvor et dataprogram behandler m\u00e5lingerne. <\/p>\n\n\n\n\n\n<figure class=\"is-style-default wp-block-image aligncenter size-large eplus-wrapper\"><img data-recalc-dims=\"1\" loading=\"lazy\" decoding=\"async\" width=\"586\" height=\"1024\" src=\"https:\/\/i0.wp.com\/mxth.dk\/wp-content\/uploads\/2021\/10\/97DE13DC-1F78-47EA-8CC5-B303192EC304.png?resize=586%2C1024&#038;ssl=1\" alt=\"\" class=\"wp-image-878\" srcset=\"https:\/\/i0.wp.com\/mxth.dk\/wp-content\/uploads\/2021\/10\/97DE13DC-1F78-47EA-8CC5-B303192EC304.png?resize=586%2C1024&amp;ssl=1 586w, https:\/\/i0.wp.com\/mxth.dk\/wp-content\/uploads\/2021\/10\/97DE13DC-1F78-47EA-8CC5-B303192EC304.png?resize=172%2C300&amp;ssl=1 172w, https:\/\/i0.wp.com\/mxth.dk\/wp-content\/uploads\/2021\/10\/97DE13DC-1F78-47EA-8CC5-B303192EC304.png?resize=768%2C1341&amp;ssl=1 768w, https:\/\/i0.wp.com\/mxth.dk\/wp-content\/uploads\/2021\/10\/97DE13DC-1F78-47EA-8CC5-B303192EC304.png?resize=879%2C1536&amp;ssl=1 879w, https:\/\/i0.wp.com\/mxth.dk\/wp-content\/uploads\/2021\/10\/97DE13DC-1F78-47EA-8CC5-B303192EC304.png?resize=1173%2C2048&amp;ssl=1 1173w, https:\/\/i0.wp.com\/mxth.dk\/wp-content\/uploads\/2021\/10\/97DE13DC-1F78-47EA-8CC5-B303192EC304.png?w=1200&amp;ssl=1 1200w\" sizes=\"auto, (max-width: 586px) 100vw, 586px\" \/><figcaption class=\"wp-element-caption\">Figur 1: Diagram over Atwoods faldmaskine med indtegnede krafter. W1 og W2 er tyngdekraften p\u00e5 henholdsvis masse 1 og masse 2. De bl\u00e5 pile repr\u00e6sentere snorekrafterne som her er afbildet til at v\u00e6re lige store for simplificering. De to lysegr\u00f8nne pile angiver accelerationen af de to lodder. (2)<\/figcaption><\/figure>\n\n\n\n<p class=\" eplus-wrapper\">N\u00e5r der h\u00e6nger to ens lodder, der hver har massen m, op over trissen p\u00e5virkes hver af dem af to kr\u00e6fter &#8211; tyngdekraften samt snorkraften. De to krafter er lige store men modsatrettede, da lodderne vejer lige meget. Den resulterende kraft p\u00e5 hvert lod er derfor nul og lodderne vil h\u00e6nge stille.<\/p>\n\n\n\n<p class=\" eplus-wrapper\">Hvis vi tilgeng\u00e6ld h\u00e6nger to forskellige lodder op (\u00e9t med massen m og \u00e9t med massen M), vil forskellen i masserne g\u00f8re at der er en resulterende kraft og dermed en acceleration. Lodderne vil begynde at bev\u00e6ge sig (det lille op og det store ned). Den resulterende kraft kan beregnes ved hj\u00e6lp af Newtons anden lov<\/p>\n\n\n\n<p class=\" has-text-align-center eplus-wrapper\"><img decoding=\"async\" src=\"https:\/\/s0.wp.com\/latex.php?latex=F_%7Bres%7D%3Dm%5Ccdot+a&#038;bg=ffffff&#038;fg=000&#038;s=0&#038;c=20201002\" alt=\"F_{res}=m&#92;cdot a\" class=\"latex\" \/><\/p>\n\n\n\n<p class=\" eplus-wrapper\">Da begge lodder accelerere er m her den samlede masse, alts\u00e5 m+M. Vi har defor at<\/p>\n\n\n\n<p class=\" has-text-align-center eplus-wrapper\"><img decoding=\"async\" src=\"https:\/\/s0.wp.com\/latex.php?latex=F_%7Bres%7D%3D%28m%2BM%29%5Ccdot+a&#038;bg=ffffff&#038;fg=000&#038;s=0&#038;c=20201002\" alt=\"F_{res}=(m+M)&#92;cdot a\" class=\"latex\" \/><\/p>\n\n\n\n<p class=\" eplus-wrapper\">Den resulterende kraft er her v\u00e6gtforskellen mellem de to lodder. Vi har derfor ogs\u00e5 at<\/p>\n\n\n\n<p class=\" has-text-align-center eplus-wrapper\"><img decoding=\"async\" src=\"https:\/\/s0.wp.com\/latex.php?latex=F_%7Bres%7D%3D%28M-m%29%5Ccdot+g&#038;bg=ffffff&#038;fg=000&#038;s=0&#038;c=20201002\" alt=\"F_{res}=(M-m)&#92;cdot g\" class=\"latex\" \/><\/p>\n\n\n\n<p class=\" eplus-wrapper\">hvor <img decoding=\"async\" src=\"https:\/\/s0.wp.com\/latex.php?latex=g%3D9%2C82+%7Bm%5Cover+%7Bs%5E2%7D%7D&#038;bg=ffffff&#038;fg=000&#038;s=0&#038;c=20201002\" alt=\"g=9,82 {m&#92;over {s^2}}\" class=\"latex\" \/> er tyngdeaccelerationen.<\/p>\n\n\n\n<p class=\" eplus-wrapper\">Vi har derfor at<\/p>\n\n\n<span class=\"displayed eplus-styles-uid-169b65\">\n  <span style=\"color:White;\">llllllllllllllllllllllllllll <img decoding=\"async\" src=\"https:\/\/s0.wp.com\/latex.php?latex=a%3D%5Cfrac%7BM-m%7D%7Bm%2BM%7D%5Ccdot+g&#038;bg=ffffff&#038;fg=000&#038;s=0&#038;c=20201002\" alt=\"a=&#92;frac{M-m}{m+M}&#92;cdot g\" class=\"latex\" \/><\/span>\n  <span class=\"eqno\">(1)<\/span>\n<\/span>\n\n\n<p class=\" eplus-wrapper\">Med Atwoods faldmaskine kan vi m\u00e5le loddernes acceleration &#8211; den v\u00e6rdi vi kalder den eksperimentelle v\u00e6rdi &#8211; og den kan vi holde op mod den beregnede v\u00e6rdi.<\/p>\n\n\n\n<p class=\" eplus-wrapper\">Dette er en simplificering, hvor der ikke tages h\u00f8jde for trissens rotation.<\/p>\n\n\n\n<h5 class=\" wp-block-heading eplus-wrapper\">Form\u00e5l<\/h5>\n\n\n\n<p class=\" eplus-wrapper\">At eftervise Newtons anden lov.<\/p>\n\n\n\n<h5 class=\" wp-block-heading eplus-wrapper\">Materialer<\/h5>\n\n\n<ul class=\"eplus-wrapper wp-block-list eplus-styles-uid-0de7cf\">\n<li class=\" eplus-wrapper\">Computer med databehandligsprogrammet Capstone<\/li>\n\n\n\n<li class=\" eplus-wrapper\">Pasco Rotary Motion Sensor<\/li>\n\n\n\n<li class=\" eplus-wrapper\">USB-adapter<\/li>\n\n\n\n<li class=\" eplus-wrapper\">Snor<\/li>\n\n\n\n<li class=\" eplus-wrapper\">Lodder med forskellig masser<\/li>\n\n\n\n<li class=\" eplus-wrapper\">Stativ<\/li>\n<\/ul>\n\n\n<h5 class=\" wp-block-heading eplus-wrapper\">Opstilling<\/h5>\n\n\n\n<figure class=\" wp-block-image size-large is-resized eplus-wrapper\"><img data-recalc-dims=\"1\" loading=\"lazy\" decoding=\"async\" src=\"https:\/\/i0.wp.com\/mxth.dk\/wp-content\/uploads\/2021\/10\/807E79DF-3E56-4843-84DA-1E76F76423F4.jpeg?resize=750%2C750&#038;ssl=1\" alt=\"\" class=\"wp-image-897\" style=\"width:750px;height:750px\" width=\"750\" height=\"750\" srcset=\"https:\/\/i0.wp.com\/mxth.dk\/wp-content\/uploads\/2021\/10\/807E79DF-3E56-4843-84DA-1E76F76423F4-scaled.jpeg?resize=1024%2C1024&amp;ssl=1 1024w, https:\/\/i0.wp.com\/mxth.dk\/wp-content\/uploads\/2021\/10\/807E79DF-3E56-4843-84DA-1E76F76423F4-scaled.jpeg?resize=300%2C300&amp;ssl=1 300w, https:\/\/i0.wp.com\/mxth.dk\/wp-content\/uploads\/2021\/10\/807E79DF-3E56-4843-84DA-1E76F76423F4-scaled.jpeg?resize=150%2C150&amp;ssl=1 150w, https:\/\/i0.wp.com\/mxth.dk\/wp-content\/uploads\/2021\/10\/807E79DF-3E56-4843-84DA-1E76F76423F4-scaled.jpeg?resize=768%2C768&amp;ssl=1 768w, https:\/\/i0.wp.com\/mxth.dk\/wp-content\/uploads\/2021\/10\/807E79DF-3E56-4843-84DA-1E76F76423F4-scaled.jpeg?resize=1536%2C1536&amp;ssl=1 1536w, https:\/\/i0.wp.com\/mxth.dk\/wp-content\/uploads\/2021\/10\/807E79DF-3E56-4843-84DA-1E76F76423F4-scaled.jpeg?resize=2048%2C2048&amp;ssl=1 2048w, https:\/\/i0.wp.com\/mxth.dk\/wp-content\/uploads\/2021\/10\/807E79DF-3E56-4843-84DA-1E76F76423F4-scaled.jpeg?resize=1568%2C1568&amp;ssl=1 1568w\" sizes=\"auto, (max-width: 750px) 100vw, 750px\" \/><figcaption class=\"wp-element-caption\">Figur 2: Fors\u00f8gsopstilling<\/figcaption><\/figure>\n\n\n\n<h5 class=\" wp-block-heading eplus-wrapper\">Fremgangsm\u00e5de<\/h5>\n\n\n<ol class=\"eplus-wrapper wp-block-list eplus-styles-uid-0fa062\">\n<li class=\" eplus-wrapper\">Lav opstillingen p\u00e5 figur 2. Brug USB-adapteren til at forbinde speedgaten til computeren og start programmet Capstone. Bagefter skal du trykke \u201cHardware ops\u00e6tning\u201d, v\u00e6lge den rigtige indgang og derefter \u201cFotocelle med remskive\u201d, se figur 3 herunder. S\u00e5 ved Capstone, at speedgaten er koblet til computeren<\/li>\n<\/ol>\n\n\n<div class=\"wp-block-kadence-advancedgallery kb-gallery-wrap-id-_9da775-83\"><div class=\"kb-gallery-ul kb-gallery-type-fluidcarousel kb-mobile-force-hover kb-gallery-id-_9da775-83 kb-gallery-caption-style-below kb-gallery-filter-none\" data-image-filter=\"none\" data-lightbox-caption=\"true\"><div class=\"kt-blocks-carousel kt-carousel-container-dotstyle-dark\"><div class=\"kt-blocks-carousel-init kb-blocks-fluid-carousel kt-carousel-arrowstyle-whiteondark kt-carousel-dotstyle-dark\" data-slider-anim-speed=\"400\" data-slider-type=\"fluidcarousel\" data-slider-scroll=\"1\" data-slider-arrows=\"true\" data-slider-dots=\"true\" data-slider-hover-pause=\"false\" data-slider-auto=\"false\" data-slider-speed=\"7000\"><div class=\"kb-slide-item kb-gallery-carousel-item\"><div class=\"kadence-blocks-gallery-item\"><div class=\"kadence-blocks-gallery-item-inner\"><figure class=\"kb-gallery-figure kadence-blocks-gallery-item-has-caption\"><div class=\"kb-gal-image-radius\"><div class=\"kb-gallery-image-contain\"><img data-recalc-dims=\"1\" loading=\"lazy\" decoding=\"async\" src=\"https:\/\/i0.wp.com\/mxth.dk\/wp-content\/uploads\/2021\/10\/A5EBC055-990B-421A-B050-8D49CC161B9B.jpeg?resize=1024%2C576&#038;ssl=1\" data-full-image=\"https:\/\/mxth.dk\/wp-content\/uploads\/2021\/10\/A5EBC055-990B-421A-B050-8D49CC161B9B.jpeg\" data-light-image=\"https:\/\/mxth.dk\/wp-content\/uploads\/2021\/10\/A5EBC055-990B-421A-B050-8D49CC161B9B.jpeg\" data-id=\"901\" data-link=\"https:\/\/mxth.dk\/?attachment_id=901\" class=\"wp-image-901 skip-lazy\" width=\"1024\" height=\"576\" srcset=\"https:\/\/i0.wp.com\/mxth.dk\/wp-content\/uploads\/2021\/10\/A5EBC055-990B-421A-B050-8D49CC161B9B.jpeg?resize=1024%2C576&amp;ssl=1 1024w, https:\/\/i0.wp.com\/mxth.dk\/wp-content\/uploads\/2021\/10\/A5EBC055-990B-421A-B050-8D49CC161B9B.jpeg?resize=300%2C169&amp;ssl=1 300w, https:\/\/i0.wp.com\/mxth.dk\/wp-content\/uploads\/2021\/10\/A5EBC055-990B-421A-B050-8D49CC161B9B.jpeg?resize=768%2C432&amp;ssl=1 768w, https:\/\/i0.wp.com\/mxth.dk\/wp-content\/uploads\/2021\/10\/A5EBC055-990B-421A-B050-8D49CC161B9B.jpeg?resize=1536%2C864&amp;ssl=1 1536w, https:\/\/i0.wp.com\/mxth.dk\/wp-content\/uploads\/2021\/10\/A5EBC055-990B-421A-B050-8D49CC161B9B.jpeg?resize=1568%2C882&amp;ssl=1 1568w, https:\/\/i0.wp.com\/mxth.dk\/wp-content\/uploads\/2021\/10\/A5EBC055-990B-421A-B050-8D49CC161B9B.jpeg?w=1920&amp;ssl=1 1920w\" sizes=\"auto, (max-width: 1000px) 100vw, 1000px\" \/><\/div><\/div><figcaption class=\"kadence-blocks-gallery-item__caption\">Figur 3a: Capstone ops\u00e6tning af dataindsamling<\/figcaption><\/figure><\/div><\/div><\/div><div class=\"kb-slide-item kb-gallery-carousel-item\"><div class=\"kadence-blocks-gallery-item\"><div class=\"kadence-blocks-gallery-item-inner\"><figure class=\"kb-gallery-figure kadence-blocks-gallery-item-has-caption\"><div class=\"kb-gal-image-radius\"><div class=\"kb-gallery-image-contain\"><img data-recalc-dims=\"1\" loading=\"lazy\" decoding=\"async\" src=\"https:\/\/i0.wp.com\/mxth.dk\/wp-content\/uploads\/2021\/10\/FFA76FC6-5106-4C7D-8937-11BCD0257C53.jpeg?resize=1024%2C576&#038;ssl=1\" data-full-image=\"https:\/\/mxth.dk\/wp-content\/uploads\/2021\/10\/FFA76FC6-5106-4C7D-8937-11BCD0257C53.jpeg\" data-light-image=\"https:\/\/mxth.dk\/wp-content\/uploads\/2021\/10\/FFA76FC6-5106-4C7D-8937-11BCD0257C53.jpeg\" data-id=\"902\" data-link=\"https:\/\/mxth.dk\/?attachment_id=902\" class=\"wp-image-902 skip-lazy\" width=\"1024\" height=\"576\" srcset=\"https:\/\/i0.wp.com\/mxth.dk\/wp-content\/uploads\/2021\/10\/FFA76FC6-5106-4C7D-8937-11BCD0257C53.jpeg?resize=1024%2C576&amp;ssl=1 1024w, https:\/\/i0.wp.com\/mxth.dk\/wp-content\/uploads\/2021\/10\/FFA76FC6-5106-4C7D-8937-11BCD0257C53.jpeg?resize=300%2C169&amp;ssl=1 300w, https:\/\/i0.wp.com\/mxth.dk\/wp-content\/uploads\/2021\/10\/FFA76FC6-5106-4C7D-8937-11BCD0257C53.jpeg?resize=768%2C432&amp;ssl=1 768w, https:\/\/i0.wp.com\/mxth.dk\/wp-content\/uploads\/2021\/10\/FFA76FC6-5106-4C7D-8937-11BCD0257C53.jpeg?resize=1536%2C864&amp;ssl=1 1536w, https:\/\/i0.wp.com\/mxth.dk\/wp-content\/uploads\/2021\/10\/FFA76FC6-5106-4C7D-8937-11BCD0257C53.jpeg?resize=1568%2C882&amp;ssl=1 1568w, https:\/\/i0.wp.com\/mxth.dk\/wp-content\/uploads\/2021\/10\/FFA76FC6-5106-4C7D-8937-11BCD0257C53.jpeg?w=1920&amp;ssl=1 1920w\" sizes=\"auto, (max-width: 1000px) 100vw, 1000px\" \/><\/div><\/div><figcaption class=\"kadence-blocks-gallery-item__caption\">Figur 3b: Capstone ops\u00e6tning af sensor med valg af trisse<\/figcaption><\/figure><\/div><\/div><\/div><\/div><\/div><\/div><\/div>\n\n\n<ol start=\"2\" class=\"eplus-wrapper wp-block-list eplus-styles-uid-317933\">\n<li class=\" eplus-wrapper\">V\u00e6lg \u201cSensordata\u201d i Capstone. V\u00e6lg derefter \u201cHastighed (m\/s)\u201d p\u00e5 grafens lodrette akse. Grafens vandrette akse skal v\u00e6re \u201cTid (s)\u201d. Loddernes hastighed som funktion af tiden plottes automatisk af Capstone, n\u00e5r de begynder at bev\u00e6ge sig.<\/li>\n<\/ol>\n\n<p class=\" eplus-wrapper eplus-styles-uid-cfa858\"><strong>Del 1<\/strong> forskellen mellem de to masser er konstant<\/p>\n\n\n<p class=\" eplus-wrapper\">Fors\u00f8get udf\u00f8res nu flere gange, men hver gang med en masseforskel p\u00e5 10 g p\u00e5 h\u00f8jre og venstre side.<\/p>\n\n\n\n<p class=\" eplus-wrapper\">Opstil en forudsigelse inden I udf\u00f8rer fors\u00f8get, v\u00e6lg f.eks, en af disse<\/p>\n\n\n<ul class=\"eplus-wrapper wp-block-list eplus-styles-uid-70cb48\">\n<li class=\" eplus-wrapper\">Forudsigelse 1: accelerationen vil v\u00e6re ens fordi forskellen i masse er ens<\/li>\n\n\n\n<li class=\" eplus-wrapper\">Forudsigelse 2: accelerationen vil v\u00e6re st\u00f8rst n\u00e5r den tr\u00e6kkende masse er st\u00f8rst<\/li>\n\n\n\n<li class=\" eplus-wrapper\">Forudsigelse 3: accelerationen vil v\u00e6re mindst n\u00e5r den samlede masse er st\u00f8rst<\/li>\n\n\n\n<li class=\" eplus-wrapper\">Forudsigelse 4: find selv p\u00e5 noget<\/li>\n<\/ul>\n\n<ol class=\"eplus-wrapper wp-block-list eplus-styles-uid-fff2b8\">\n<li class=\" eplus-wrapper\">L\u00f8ft den tungeste masse op indtil den lette masse n\u00e6sten r\u00f8rer bordet. S\u00f8rg for, at den lille r\u00f8de lystiode ikke lyser (for at v\u00e6re sikker p\u00e5, at Capstone ikke starter med at indsamle data f\u00f8r trissen begynder at dreje).<\/li>\n\n\n\n<li class=\" eplus-wrapper\">Start dataindsamlingen ved at trykke p\u00e5 knappen \u201cOptag\u201d, slip den tungeste masse. Stop dataindsamlingen inden den tungeste masse rammer bordet. Pas p\u00e5 at den letteste masse ikke skal komme p\u00e5 den anden side af trissen (sen kan nemlig ramme dig i ansigtet)!<\/li>\n\n\n\n<li class=\" eplus-wrapper\">Du f\u00e5r en tid-hastighed graf. Du kan v\u00e6lge en line\u00e6r regression til at fitte grafen. Ud fra forskriften af regressionsligningen kan du afl\u00e6se loddernes acceleration, <img decoding=\"async\" src=\"https:\/\/s0.wp.com\/latex.php?latex=a_%7Beksp%7D&#038;bg=ffffff&#038;fg=000&#038;s=0&#038;c=20201002\" alt=\"a_{eksp}\" class=\"latex\" \/>, som er den eksperimentelle v\u00e6rdi af accelerationen. Brug formlen 1 til at beregne accelerationen, <img decoding=\"async\" src=\"https:\/\/s0.wp.com\/latex.php?latex=a_%7Bberegn%7D&#038;bg=ffffff&#038;fg=000&#038;s=0&#038;c=20201002\" alt=\"a_{beregn}\" class=\"latex\" \/>.<\/li>\n<\/ol>\n\n\n<p class=\" eplus-wrapper\">Passer jeres forudsigelser?<\/p>\n\n\n<p class=\" eplus-wrapper eplus-styles-uid-cfa858\"><strong>Del 2<\/strong> varierende masser<\/p>\n\n<ol class=\"eplus-wrapper wp-block-list eplus-styles-uid-2fee63\">\n<li class=\" eplus-wrapper\">Fors\u00f8get gentages et par gange, hvor du varierer p\u00e5 de to masser.<\/li>\n\n\n\n<li class=\" eplus-wrapper\">For hver gentagelse af fors\u00f8get skal du anvende formel 1 til at beregne accelerationen, og bruge tid-hastighed grafen til at bestemme den eksperimentelle v\u00e6rdi af accelerationen.<\/li>\n\n\n\n<li class=\" eplus-wrapper\">Sammenlign jeres eksperimentelle v\u00e6rdier med de beregnede v\u00e6rdier. Stemmer de overens? Hvad er den relative afvigelse? Hvordan kan det v\u00e6re at de eksperimentelle v\u00e6rdier altid er mindre end de beregnede? (Hint: I kan de videoen linket til <a href=\"https:\/\/youtu.be\/_LQs_nJqEXI\" target=\"_blank\" rel=\"noreferrer noopener\">her<\/a>, det er ikke sikkert at I forst\u00e5r hele forklaringen lige nu, men den endelige formel han kommer frem til vil I godt kunne bruge i en argumentation)<\/li>\n<\/ol>\n\n\n<p class=\" eplus-wrapper\">Udfordrende og valgfrie opgaver til delfors\u00f8g 2<\/p>\n\n\n<ol class=\"eplus-wrapper wp-block-list eplus-styles-uid-d541ba\">\n<li class=\" eplus-wrapper\">Beregn for hver gentagelse af fors\u00f8get, massebr\u00f8ken <img decoding=\"async\" src=\"https:\/\/s0.wp.com\/latex.php?latex=%5Cfrac%7BM-m%7D%7Bm%2BM%7D&#038;bg=ffffff&#038;fg=000&#038;s=0&#038;c=20201002\" alt=\"&#92;frac{M-m}{m+M}\" class=\"latex\" \/>, s\u00e5ledes at du til sidst har fem forskellige v\u00e6rdier af massebr\u00f8ken.<\/li>\n\n\n\n<li class=\" eplus-wrapper\">Lav nu et koordinatsystem, hvor du afbilder de i det forrige sp\u00f8rgsm\u00e5l beregnede v\u00e6rdier af massebr\u00f8ken p\u00e5 den vandrette akse og de p\u00e5 graferne afl\u00e6ste v\u00e6rdier af accelerationen (<img decoding=\"async\" src=\"https:\/\/s0.wp.com\/latex.php?latex=a_%7Beksp%7D&#038;bg=ffffff&#038;fg=000&#038;s=0&#038;c=20201002\" alt=\"a_{eksp}\" class=\"latex\" \/>) p\u00e5 den lodrette akse.<\/li>\n\n\n\n<li class=\" eplus-wrapper\">Hvilken type graf forventer du? Hvad viser grafens h\u00e6ldning? Hvorfor?<\/li>\n<\/ol>\n\n\n<p class=\" eplus-wrapper\">Referencer<\/p>\n\n\n\n<p class=\" eplus-wrapper\">(1) Atwood machine (n.d.). Tilg\u00e5et den 1. oktober 2021 fra <a href=\"https:\/\/en.wikipedia.org\/wiki\/Atwood_machine\">https:\/\/en.wikipedia.org\/wiki\/Atwood_machine<\/a><\/p>\n\n\n\n<p class=\" eplus-wrapper\">(2) Atwood.svg (n.d.). Tilg\u00e5et den 1. oktober 2021 fra <a href=\"https:\/\/commons.wikimedia.org\/wiki\/File:Atwood.svg\" target=\"_blank\" rel=\"noreferrer noopener\">https:\/\/commons.wikimedia.org\/wiki\/File:Atwood.svg<\/a><\/p>\n","protected":false},"excerpt":{"rendered":"<p>I dette fors\u00f8g vil vi ved hj\u00e6lp af trisser og lodder pr\u00f8ve at bestemme tyngdeaccelerationen og derved ogs\u00e5 eftervise Newtons anden lov.<\/p>\n","protected":false},"author":1,"featured_media":844,"parent":0,"menu_order":0,"comment_status":"closed","ping_status":"closed","template":"","meta":{"ub_ctt_via":"","editor_plus_copied_stylings":"{}","footnotes":""},"categories":[27,2],"tags":[],"class_list":["post-843","page","type-page","status-publish","has-post-thumbnail","hentry","category-forsoeg","category-fysik"],"featured_image_src":"https:\/\/i0.wp.com\/mxth.dk\/wp-content\/uploads\/2021\/10\/B560FF54-DB25-4EDD-B892-90AED61D3D68.jpeg?fit=1999%2C1520&ssl=1","jetpack_sharing_enabled":true,"_links":{"self":[{"href":"https:\/\/mxth.dk\/index.php?rest_route=\/wp\/v2\/pages\/843","targetHints":{"allow":["GET"]}}],"collection":[{"href":"https:\/\/mxth.dk\/index.php?rest_route=\/wp\/v2\/pages"}],"about":[{"href":"https:\/\/mxth.dk\/index.php?rest_route=\/wp\/v2\/types\/page"}],"author":[{"embeddable":true,"href":"https:\/\/mxth.dk\/index.php?rest_route=\/wp\/v2\/users\/1"}],"replies":[{"embeddable":true,"href":"https:\/\/mxth.dk\/index.php?rest_route=%2Fwp%2Fv2%2Fcomments&post=843"}],"version-history":[{"count":47,"href":"https:\/\/mxth.dk\/index.php?rest_route=\/wp\/v2\/pages\/843\/revisions"}],"predecessor-version":[{"id":2585,"href":"https:\/\/mxth.dk\/index.php?rest_route=\/wp\/v2\/pages\/843\/revisions\/2585"}],"wp:featuredmedia":[{"embeddable":true,"href":"https:\/\/mxth.dk\/index.php?rest_route=\/wp\/v2\/media\/844"}],"wp:attachment":[{"href":"https:\/\/mxth.dk\/index.php?rest_route=%2Fwp%2Fv2%2Fmedia&parent=843"}],"wp:term":[{"taxonomy":"category","embeddable":true,"href":"https:\/\/mxth.dk\/index.php?rest_route=%2Fwp%2Fv2%2Fcategories&post=843"},{"taxonomy":"post_tag","embeddable":true,"href":"https:\/\/mxth.dk\/index.php?rest_route=%2Fwp%2Fv2%2Ftags&post=843"}],"curies":[{"name":"wp","href":"https:\/\/api.w.org\/{rel}","templated":true}]}}